(-6).
-2
Suppose -u = 3*u - 4. Let z(t) be the second derivative of -19*t + 0 + 0*t**2 + 0*t**3 + 0*t**4 + 11/20*t**5. What is z(u)?
11
Let u(c) = 11*c**2 - 18*c - 15. Let w(d) = -4*d**2 + 6*d + 5. Let q(p) = 3*u(p) + 8*w(p). Let n = 13 + -6. What is q(n)?
2
Let s(r) = 5*r + 5. Let h = 327 - 330. Give s(h).
-10
Let f(v) = v**3 - v**2 + 2. Suppose -3*y - 3 = -3*x, 0 = x - 4*x - 4*y + 10. Suppose -2*k = 10, 0 = -5*z - k + x*k + 5. Determine f(z).
2
Let k be 12 + -13 - (-14)/2. Let g be (6/(-2))/(k/(-6)). Let j(i) = 2*i**2 + 3*i + 3. Let l(w) = -3*w**2 - 6*w - 5. Let q(t) = -5*j(t) - 3*l(t). Determine q(g).
0
Suppose 0 = 13*x - 3*x + x. Let w(t) = -t**2 + 1. Let z(k) = 2*k**3 + 4*k**2 + k**2 - 16 - 3*k**3. Let y(b) = -6*w(b) - z(b). Determine y(x).
10
Suppose -3*w - 20 + 14 = o, -o - 10 = w. Let x(r) = r**3 + 12*r**2 - 2*r - 16. Give x(o).
8
Let z(i) = -5*i**2 + 1. Let u(n) = -7*n**2 + 2. Let o(v) = -2*u(v) + 3*z(v). Give o(4).
-17
Let a(n) = -n**2 - n + 8. Let b be a(3). Let w be 1 + (b/2)/2. Let h(u) be the third derivative of -u**5/60 + u**4/24 + 5*u**3/3 - u**2. Calculate h(w).
10
Let h(b) = b**3 + 10*b**2 - 9*b + 23. Suppose -255 = 19*x - 46. Calculate h(x).
1
Suppose -5*m - 45 = -5*s, 5*s - m = 40 + 1. Let b = -3 + s. Let a(y) = -y - 1 + 3 - b. Determine a(5).
-8
Let l(g) = -51*g - 237. Let s be l(-5). Let x(z) = -3*z + 18. Give x(s).
-36
Suppose 5*y = 4*o + 19, y = -5*o - 43 + 12. Let s(h) = -3*h**3 + 5*h**2 + 3*h - 6. Let t(v) = 2*v**3 + v**2 + v + 3. Let p(i) = s(i) + 2*t(i). What is p(o)?
6
Let j(u) = 3*u + 11. Let z = 250 - 257. Determine j(z).
-10
Let m(l) = -4*l + 2. Let k(r) = -3*r + 1. Let z(y) = 6*k(y) - 5*m(y). Let c = 46 + -43. Suppose 13*p - 30 = c*p. Determine z(p).
2
Suppose -2*u - 3*u - o = -99, -42 = -2*u + 2*o. Suppose u + 10 = 6*p. Suppose p*r = -4 - 1. Let h(b) = 20*b**2 + 2*b + 1. What is h(r)?
19
Let q(s) = s**2 - 5*s - 4. Suppose -2*j + 4*c = 30, -2*j = -j + 3*c - 10. Let m be 1/j + 155/25. Determine q(m).
2
Let g(d) = 2*d. Let x(j) = j**2 - 6*j - 16. Let v be x(8). Suppose 4*o + v*o = -12. Let p be o - (5/1 + -4). Determine g(p).
-8
Let n(z) = -2*z**3 + 3*z**2 - z + 1. Let c(j) be the first derivative of j**3/3 + 7*j**2/2 + 8*j - 2. Let l be (-9)/(0 - (-6)/4). Let g be c(l). Determine n(g).
-5
Let t(w) = 2*w**3 - w**2 - 1. Let r(j) = -9*j**3 + 6*j - 3. Let h(k) = r(k) + 4*t(k). Give h(-6).
29
Suppose 2*j - 17 = 3*v, 4*v + j = 2*j - 21. Let o(f) = f + 6. Determine o(v).
1
Let m(d) = -d**2 + 7*d - 6. Let n be m(7). Let w(p) = 0*p**3 - p**3 + 1 + 7*p - 5*p**2 + 7. Let j be w(n). Let x(f) = -7*f + 3. Calculate x(j).
-11
Let x(b) = 7*b**2 - 4*b + 5. Let p(o) = 3*o**2 - o + 3. Let t(j) = 9*p(j) - 4*x(j). Determine t(7).
7
Let h(n) = n**3 - 4*n**2 + 3*n. Let o(x) = -2*x**3 + 10*x**2 - 10*x - 9. Let f be o(6). Let r = f - -143. Calculate h(r).
-2
Let u(p) = -9*p**2 - 7*p + 13. Let d(k) = -11*k**2 - 8*k + 12. Let m(v) = -4*d(v) + 5*u(v). What is m(-6)?
-1
Let c(a) = 82*a**2 + 0 + 85*a**2 + 6 + 3*a - a**3 - 238*a**2 + 75*a**2. Let q be 1 + 3 + -1 + -2. Let v be (((-10)/q)/(-2))/1. What is c(v)?
-4
Let s(x) = -597*x + 236*x + 349*x + 3. Let b be 1*(1 - (-1)/1). Calculate s(b).
-21
Let b(h) = -4*h - 46*h**2 + 4 - 3*h + 4*h + 44*h**2. Determine b(-5).
-31
Let w(g) be the second derivative of g**4/12 + 2*g**3/3 - 7*g**2/2 - g. Suppose 4*s - h = 22, 2*h = 3*s - 0*h - 14. Let m be -5*3*2/s. What is w(m)?
-2
Let i(b) be the second derivative of -1/4*b**4 + 1/3*b**3 + 14*b + 0 - 1/2*b**2. What is i(1)?
-2
Let r(v) = -v**3 - 30*v - 3 + 54*v - 27*v - v**3 + v**3. Let g(m) = -m**2 - m. Let t be g(-2). Calculate r(t).
11
Let r(a) = -69*a**3 - 15*a**2 + 11*a + 24. Let f(j) = -34*j**3 - 7*j**2 + 5*j + 11. Let k(y) = -13*f(y) + 6*r(y). Calculate k(-1).
-27
Let p(t) = t**3 + 2*t**2 - 4*t. Let l(i) = -3*i**2 + i + 2. Let g be l(0). Suppose -f = 1, -5*r + g*f = 5*f + 23. Give p(r).
-16
Suppose -2*j = -1 + 5. Let m(l) = 8*l**3 + 11*l**2 + 9*l - 2. Let s(o) = -3*o**3 - 4*o**2 - 3*o + 1. Let a(k) = 4*m(k) + 11*s(k). Determine a(j).
5
Suppose 48*v - 2*v = -46. Let d(w) = 7*w + 6. What is d(v)?
-1
Let v(h) = h**3 - 7*h**2 + 5*h. Let k(a) = a**3 - 32*a**2 + 62*a - 55. Let m be k(30). Give v(m).
-25
Let n(c) = -c - 2. Let x(r) = 0*r**2 + 8*r**2 - 9*r - 9*r**2. Let m be x(-9). Calculate n(m).
-2
Let o(p) = 5*p**3 - 19*p**2 - 21*p + 9. Let v(r) = -3*r**3 + 10*r**2 + 11*r - 5. Let w(s) = -4*o(s) - 7*v(s). Suppose 5*i + 12 + 13 = 0. What is w(i)?
-11
Let f(c) be the third derivative of -c**5/60 + c**4/6 + c**3/3 - 2*c**2. Suppose 8*k - 12 = 28. Calculate f(k).
-3
Let z be (-276)/45 - (10 + (-1520)/150). Let q(f) = 2*f - f + 0*f. Determine q(z).
-6
Let w = -33 - -29. Let d = -9 - w. Let m(p) = 2*p + 11*p**2 + p**3 + 6 - 2 - 6*p**2. Determine m(d).
-6
Let r(u) = 3*u**3 - 11*u**2 + 8*u - 11. Let p(n) = -n**3. Let z(o) = 2*p(o) + r(o). What is z(10)?
-31
Suppose 4*h + 5*d = 298, 0 = -2*d - 2 + 6. Suppose 4*r + 12 - h = 0. Let s = r + -16. Let a(w) = 6*w**2 + w. Determine a(s).
5
Let g(s) = -6*s**2 - 2*s + 52. Let m(x) = x**2 + 2*x. Let o(f) = g(f) + 5*m(f). Give o(12).
4
Let p(c) = c**2 + 4*c - 7. Let u(n) = -n**2 - 3*n + 7. Let l(w) = -2*p(w) - 3*u(w). Give l(0).
-7
Suppose -27 = 5*c + s, -6 = -4*s + 7*s. Let v(x) = x**3 + 6*x**2 + 4*x - 1. Calculate v(c).
4
Let k(d) = 5*d + 1. Suppose 4*n = -6 + 2. Suppose 86 = -2*x + 90. Let t = x + n. Give k(t).
6
Let m(r) be the third derivative of -r**4/24 + r**3/6 + r**2. Let v(q) = 3*q + 2. Let u be v(0). Give m(u).
-1
Let t(u) be the first derivative of -3*u + 10 + 3/2*u**2. Determine t(3).
6
Suppose -3*l + 8 = -1, 4*l = -5*i + 67. Suppose -h - 2*d = i + 3, -2*h - 5*d - 32 = 0. Let k be (h/3*3)/2. Let w(m) = 2*m**2 + 3*m - 1. Determine w(k).
8
Let z(j) = -j**3 - 8*j**2 - 2*j + 6. Suppose 33 - 138 = 21*h. Determine z(h).
-59
Let p(g) be the second derivative of 0 + 0*g**5 + 0*g**2 + 1/6*g**3 + 1/120*g**6 - 2*g + 1/24*g**4. Let o(i) be the second derivative of p(i). What is o(1)?
4
Let l(n) = n**3 + n**2 + n - 2. Let g(t) = -2*t**3 - 13*t**2 - 2*t - 11. Let w(i) = g(i) + l(i). What is w(-12)?
-1
Let r(i) = -7*i - 7. Let q(m) = m. Let d(t) = -2*q(t) + r(t). Let v(n) = -4*n - 3. Let w(x) = 6*d(x) - 13*v(x). Determine w(-2).
1
Let d(s) = s**3 - 13*s**2 + s - 8. Let f be d(13). Let p(j) = 2*j + f*j - 15*j + j**2 + 2. What is p(7)?
-5
Let o be 194/3 - 26/39. Suppose 3*n + 22 = o. Let t be (-198)/42 - 4/n. Let a(k) = k**3 + 6*k**2 + 5*k - 6. Give a(t).
-6
Let m be 108/(-486) + 7/(-9). Let l(g) be the third derivative of g**5/60 + g**4/12 + g**3/6 - g**2. What is l(m)?
0
Let x(t) = -t**3 + 5*t**2 - 2*t - 2. Suppose 3*c = -2*j - 2*c - 40, -5*j - 142 = 2*c. Let a = -28 - j. Give x(a).
6
Let k be -8*2/(8/2). Let g(m) = m**2 + 13*m + 1. Let q be g(-13). Let r(w) = -1 - q + 5 - 5*w**2 - 3*w - w**3 - 2*w. Determine r(k).
7
Let w(d) = -7*d + 23. Let s(o) = 5*o - 17. Let b(v) = -3*s(v) - 2*w(v). What is b(1)?
4
Let g(x) = 17*x + 3. Let h(w) = -w**2 - 57*w - 7. Let z(u) = -7*g(u) - 2*h(u). Determine z(5).
18
Let v(s) = s**3 - 5*s**2 - 13*s - 10. Let i = 1155 - 1148. Give v(i).
-3
Suppose 18*h + 224 = -10*h. Let y(q) = 9*q - 6. Determine y(h).
-78
Let y(q) = 15*q + 1. Let s(v) = -4*v. Let b(k) = 4*s(k) + y(k). Let m be (1 - 0) + 1 - 0. Suppose -x = 0, -2*o = -0*o + 3*x - m. Give b(o).
0
Let c = 139 + -118. Let h be (14/c)/((-19)/(-9) + -2). Let p(u) = -u**3 + 5*u**2 + 8*u - 7. Give p(h).
5
Suppose 32*i - 35*i - 9 = -p, 2*i = 2*p - 10. Let t(j) = -j**2. Let c(g) = -4*g**2 - 3*g + 3. Let q(b) = -c(b) + 5*t(b). Calculate q(p).
-3
Let p = 35 - 15. Suppose -k + p = 4*k. Let m(n) = -n**2 + 2*n - 3. Give m(k).
-11
Let v(r) = -8*r + 5*r + 4*r. Determine v(-3).
-3
Suppose -z + 67 = 73. Let q(s) = s**3 + 5*s**2 - 8*s - 6. Give q(z).
6
Let f be ((-20)/2)/((-7)/84). Let u(d) = -1 + 3 + 118*d - f*d. Suppose 12 = -c + 4*c. What is u(c)?
-6
Suppose -18 = 6*o - 48. Suppose t - o*t + c = -7, 5*c = -4*t + 13. Let n(h) = -1 - h + 0 - h. Give n(t).
-5
Let m(h) = -h**2 - 2*h + 2. Let x(c) = -3*c**2 - c + 7. Let y(v) = -2*m(v) + x(v). What is y(4)?
-1
Let y be 0/(2/7*(-315)/90). Let w(n) = 2*n**2 - n - 3. Determine w(y).
-3
Let g(l) = -l**3 + 5*l**2 - 3*l - 4. Suppose -10*v + 11*v - 4 = 0. Give g(v).
0
Suppose 3*f + 2 = 5*u, -5*u + 10 = -5*f - 0*u. Let